{"id":1937,"date":"2018-02-01T17:17:35","date_gmt":"2018-02-01T16:17:35","guid":{"rendered":"https:\/\/www.spacapan.si\/de\/?page_id=1937"},"modified":"2026-03-24T21:42:11","modified_gmt":"2026-03-24T20:42:11","slug":"andere-veranstaltungen","status":"publish","type":"page","link":"https:\/\/www.spacapan.si\/de\/catering\/andere-veranstaltungen\/","title":{"rendered":"Andere Veranstaltungen"},"content":{"rendered":"<p>[vc_row][vc_column width=&#8220;2\/3&#8243; offset=&#8220;vc_hidden-sm vc_hidden-xs&#8220;][vc_column_text]<img loading=\"lazy\" decoding=\"async\" class=\"alignnone wp-image-6583 size-full\" src=\"https:\/\/www.spacapan.si\/wp-content\/uploads\/2026\/01\/IMGP1074-1.jpg\" alt=\"\" width=\"2064\" height=\"1548\" \/>[\/vc_column_text][\/vc_column][vc_column width=&#8220;1\/3&#8243;][vc_column_text]Wir agieren nicht als klassischer Veranstaltungsort, sondern als ein Haus, das sich dem Anlass und den Menschen anpasst.<\/p>\n<p><strong>Wir nehmen Veranstaltungen nur in begrenztem Umfang an. Jede hat einen durchdachten Ablauf und eine Kulinarik, die dem Charakter der Veranstaltung und dem Raum, in dem sie entsteht, folgt.<\/strong>[\/vc_column_text][\/vc_column][\/vc_row][vc_row][vc_column offset=&#8220;vc_hidden-lg vc_hidden-md&#8220; css=&#8220;.vc_custom_1769258942343{margin-top: 0px !important;margin-bottom: 0px !important;border-top-width: 0px !important;border-bottom-width: 0px !important;padding-top: 0px !important;padding-bottom: 0px !important;}&#8220;][vc_column_text]<img loading=\"lazy\" decoding=\"async\" class=\"alignnone wp-image-6583 size-full\" src=\"https:\/\/www.spacapan.si\/wp-content\/uploads\/2026\/01\/IMGP1074-1.jpg\" alt=\"\" width=\"2064\" height=\"1548\" \/>[\/vc_column_text][\/vc_column][\/vc_row][vc_row][vc_column width=&#8220;1\/3&#8243; css=&#8220;.vc_custom_1769258973130{margin-top: 0px !important;margin-bottom: 10px !important;border-top-width: 0px !important;border-bottom-width: 0px !important;padding-top: 0px !important;padding-bottom: 0px !important;}&#8220;][vc_column_text css=&#8220;.vc_custom_1769258476157{margin-top: 0px !important;margin-bottom: 0px !important;border-top-width: 0px !important;border-bottom-width: 0px !important;padding-top: 0px !important;padding-bottom: 0px !important;}&#8220;]<\/p>\n<h3>Kleine Hochzeiten<\/h3>\n<p>F\u00fcr Paare, die sich eine intime Hochzeit ohne \u00fcberfl\u00fcssiges Programm, vorgegebene Pakete und \u00e4u\u00dferen L\u00e4rm w\u00fcnschen.<\/p>\n<p>Die Veranstaltung ist ruhig konzipiert, mit klarem Schwerpunkt auf Raum, Zeit und dem Erlebnis am Tisch. Hochzeiten organisieren wir ausschlie\u00dflich nach vorheriger Absprache und nur in einem Umfang, der den Charakter des Hauses bewahrt.[\/vc_column_text][\/vc_column][vc_column width=&#8220;2\/3&#8243; css=&#8220;.vc_custom_1769259011631{margin-top: 0px !important;margin-bottom: 0px !important;border-top-width: 0px !important;border-bottom-width: 0px !important;padding-top: 0px !important;padding-bottom: 0px !important;}&#8220;][vc_column_text]<img loading=\"lazy\" decoding=\"async\" class=\"alignnone wp-image-3123 size-full\" src=\"https:\/\/www.spacapan.si\/wp-content\/uploads\/2019\/04\/Poroke-galerija-3.jpg\" alt=\"\" width=\"991\" height=\"741\" \/>[\/vc_column_text][\/vc_column][\/vc_row][vc_row][vc_column width=&#8220;2\/3&#8243; offset=&#8220;vc_hidden-sm vc_hidden-xs&#8220;][vc_column_text css=&#8220;.vc_custom_1769703431852{margin-bottom: 0px !important;border-bottom-width: 0px !important;padding-bottom: 0px !important;}&#8220;]<img loading=\"lazy\" decoding=\"async\" class=\"alignnone wp-image-5816 size-full\" src=\"https:\/\/www.spacapan.si\/wp-content\/uploads\/2024\/04\/klet.png\" alt=\"\" width=\"1000\" height=\"609\" \/>[\/vc_column_text][\/vc_column][vc_column width=&#8220;1\/3&#8243; css=&#8220;.vc_custom_1769258722367{margin-top: 10px !important;margin-bottom: 10px !important;border-top-width: 0px !important;border-bottom-width: 0px !important;padding-top: 0px !important;padding-bottom: 0px !important;}&#8220;][vc_column_text css=&#8220;.vc_custom_1769258489039{margin-top: 0px !important;margin-bottom: 0px !important;border-top-width: 0px !important;border-bottom-width: 0px !important;padding-top: 0px !important;padding-bottom: 0px !important;}&#8220;]<\/p>\n<h3>Private Feiern<\/h3>\n<p>Jubil\u00e4en, Geburtstage und pers\u00f6nliche Zusammenk\u00fcnfte, bei denen Atmosph\u00e4re und Qualit\u00e4t der Umsetzung wichtig sind.<\/p>\n<p><strong>Die Kulinarik wird an die Veranstaltung angepasst<\/strong> \u2013 sie kann im Vordergrund stehen oder ein diskreter Begleiter des Abends sein, immer im Rhythmus des Beisammenseins.[\/vc_column_text][\/vc_column][\/vc_row][vc_row][vc_column offset=&#8220;vc_hidden-lg vc_hidden-md&#8220;][vc_column_text css=&#8220;.vc_custom_1769703403242{margin-bottom: 0px !important;border-bottom-width: 0px !important;padding-bottom: 0px !important;}&#8220;]<img loading=\"lazy\" decoding=\"async\" class=\"alignnone wp-image-5816 size-full\" src=\"https:\/\/www.spacapan.si\/wp-content\/uploads\/2024\/04\/klet.png\" alt=\"\" width=\"1000\" height=\"609\" \/>[\/vc_column_text][\/vc_column][\/vc_row][vc_row][vc_column css=&#8220;.vc_custom_1769703097958{margin-top: 0px !important;margin-bottom: 10px !important;border-top-width: 0px !important;border-bottom-width: 0px !important;padding-top: 0px !important;padding-bottom: 0px !important;}&#8220;][vc_column_text css=&#8220;.vc_custom_1769703498121{margin-top: 50px !important;margin-bottom: 50px !important;border-top-width: 0px !important;border-bottom-width: 0px !important;padding-top: 0px !important;padding-bottom: 0px !important;}&#8220;]<\/p>\n<h3>Gesch\u00e4ftliche und protokollarische Veranstaltungen<\/h3>\n<p>Kleinere gesch\u00e4ftliche Veranstaltungen f\u00fcr Gruppen, die Konzentration, Diskretion und einen klaren Ablauf sch\u00e4tzen.<br \/>\nGeeignet f\u00fcr Mittag oder Abendessen mit einer begrenzten Anzahl an G\u00e4sten, bei denen Umgebung und Erlebnis ebenso wichtig sind wie der Inhalt des Treffens.[\/vc_column_text][\/vc_column][\/vc_row][vc_row][vc_column width=&#8220;2\/3&#8243; offset=&#8220;vc_hidden-sm vc_hidden-xs&#8220;][vc_column_text]<img loading=\"lazy\" decoding=\"async\" class=\"alignnone wp-image-1831 size-full\" src=\"https:\/\/www.spacapan.si\/wp-content\/uploads\/2017\/12\/2.jpg\" alt=\"\" width=\"1000\" height=\"718\" srcset=\"https:\/\/www.spacapan.si\/de\/wp-content\/uploads\/sites\/3\/2017\/12\/2.jpg 1000w, https:\/\/www.spacapan.si\/de\/wp-content\/uploads\/sites\/3\/2017\/12\/2-300x215.jpg 300w, https:\/\/www.spacapan.si\/de\/wp-content\/uploads\/sites\/3\/2017\/12\/2-768x551.jpg 768w\" sizes=\"(max-width: 1000px) 100vw, 1000px\" \/>[\/vc_column_text][\/vc_column][vc_column width=&#8220;1\/3&#8243; css=&#8220;.vc_custom_1769703562053{margin-top: 0px !important;margin-bottom: 10px !important;border-top-width: 0px !important;border-bottom-width: 0px !important;padding-top: 0px !important;padding-bottom: 0px !important;}&#8220;][vc_column_text css=&#8220;.vc_custom_1769258510784{margin-top: 0px !important;margin-bottom: 0px !important;border-top-width: 0px !important;border-bottom-width: 0px !important;padding-top: 0px !important;padding-bottom: 0px !important;}&#8220;]<\/p>\n<h3>Ma\u00dfgeschneiderte Veranstaltungen<\/h3>\n<p>Wenn eine Veranstaltung nicht in die \u00fcblichen Formen passt, gestalten wir sie individuell. Immer im Dialog, ohne vorgegebene Formate, unter Ber\u00fccksichtigung des Raums, der Jahreszeit und des Anlasses.<\/p>\n<p>Von Zeit zu Zeit bereiten wir nach vorheriger Absprache auch ein kulinarisches Erlebnis in einem Privathaus oder h\u00e4uslichen Umfeld vor, wenn dies zum Konzept und zum Umfang der Veranstaltung passt.[\/vc_column_text][\/vc_column][\/vc_row][vc_row][vc_column offset=&#8220;vc_hidden-lg vc_hidden-md&#8220;][vc_column_text]<img loading=\"lazy\" decoding=\"async\" class=\"alignnone wp-image-1831 size-full\" src=\"https:\/\/www.spacapan.si\/wp-content\/uploads\/2017\/12\/2.jpg\" alt=\"\" width=\"1000\" height=\"718\" srcset=\"https:\/\/www.spacapan.si\/de\/wp-content\/uploads\/sites\/3\/2017\/12\/2.jpg 1000w, https:\/\/www.spacapan.si\/de\/wp-content\/uploads\/sites\/3\/2017\/12\/2-300x215.jpg 300w, https:\/\/www.spacapan.si\/de\/wp-content\/uploads\/sites\/3\/2017\/12\/2-768x551.jpg 768w\" sizes=\"(max-width: 1000px) 100vw, 1000px\" \/>[\/vc_column_text][\/vc_column][\/vc_row]<\/p>\n","protected":false},"excerpt":{"rendered":"<p>&#8230;<\/p>\n","protected":false},"author":1,"featured_media":3287,"parent":971,"menu_order":0,"comment_status":"closed","ping_status":"closed","template":"","meta":{"footnotes":""},"_links":{"self":[{"href":"https:\/\/www.spacapan.si\/de\/wp-json\/wp\/v2\/pages\/1937"}],"collection":[{"href":"https:\/\/www.spacapan.si\/de\/wp-json\/wp\/v2\/pages"}],"about":[{"href":"https:\/\/www.spacapan.si\/de\/wp-json\/wp\/v2\/types\/page"}],"author":[{"embeddable":true,"href":"https:\/\/www.spacapan.si\/de\/wp-json\/wp\/v2\/users\/1"}],"replies":[{"embeddable":true,"href":"https:\/\/www.spacapan.si\/de\/wp-json\/wp\/v2\/comments?post=1937"}],"version-history":[{"count":14,"href":"https:\/\/www.spacapan.si\/de\/wp-json\/wp\/v2\/pages\/1937\/revisions"}],"predecessor-version":[{"id":3406,"href":"https:\/\/www.spacapan.si\/de\/wp-json\/wp\/v2\/pages\/1937\/revisions\/3406"}],"up":[{"embeddable":true,"href":"https:\/\/www.spacapan.si\/de\/wp-json\/wp\/v2\/pages\/971"}],"wp:featuredmedia":[{"embeddable":true,"href":"https:\/\/www.spacapan.si\/de\/wp-json\/wp\/v2\/media\/3287"}],"wp:attachment":[{"href":"https:\/\/www.spacapan.si\/de\/wp-json\/wp\/v2\/media?parent=1937"}],"curies":[{"name":"wp","href":"https:\/\/api.w.org\/{rel}","templated":true}]}}

<p>[vc_row][vc_column width=&#8220;2/3&#8243; offset=&#8220;vc_hidden-sm vc_hidden-xs&#8220;][vc_column_text]<img loading="lazy" decoding="async" class="alignnone wp-image-6583 size-full" src="https://www.spacapan.si/wp-content/uploads/2026/01/IMGP1074-1.jpg" alt="" width="2064" height="1548" />[/vc_column_text][/vc_column][vc_column width=&#8220;1/3&#8243;][vc_column_text]Wir agieren nicht als klassischer Veranstaltungsort, sondern als ein Haus, das sich dem Anlass und den Menschen anpasst.</p>
<p><strong>Wir nehmen Veranstaltungen nur in begrenztem Umfang an. Jede hat einen durchdachten Ablauf und eine Kulinarik, die dem Charakter der Veranstaltung und dem Raum, in dem sie entsteht, folgt.</strong>[/vc_column_text][/vc_column][/vc_row][vc_row][vc_column offset=&#8220;vc_hidden-lg vc_hidden-md&#8220; css=&#8220;.vc_custom_1769258942343{margin-top: 0px !important;margin-bottom: 0px !important;border-top-width: 0px !important;border-bottom-width: 0px !important;padding-top: 0px !important;padding-bottom: 0px !important;}&#8220;][vc_column_text]<img loading="lazy" decoding="async" class="alignnone wp-image-6583 size-full" src="https://www.spacapan.si/wp-content/uploads/2026/01/IMGP1074-1.jpg" alt="" width="2064" height="1548" />[/vc_column_text][/vc_column][/vc_row][vc_row][vc_column width=&#8220;1/3&#8243; css=&#8220;.vc_custom_1769258973130{margin-top: 0px !important;margin-bottom: 10px !important;border-top-width: 0px !important;border-bottom-width: 0px !important;padding-top: 0px !important;padding-bottom: 0px !important;}&#8220;][vc_column_text css=&#8220;.vc_custom_1769258476157{margin-top: 0px !important;margin-bottom: 0px !important;border-top-width: 0px !important;border-bottom-width: 0px !important;padding-top: 0px !important;padding-bottom: 0px !important;}&#8220;]</p>
<h3>Kleine Hochzeiten</h3>
<p>Für Paare, die sich eine intime Hochzeit ohne überflüssiges Programm, vorgegebene Pakete und äußeren Lärm wünschen.</p>
<p>Die Veranstaltung ist ruhig konzipiert, mit klarem Schwerpunkt auf Raum, Zeit und dem Erlebnis am Tisch. Hochzeiten organisieren wir ausschließlich nach vorheriger Absprache und nur in einem Umfang, der den Charakter des Hauses bewahrt.[/vc_column_text][/vc_column][vc_column width=&#8220;2/3&#8243; css=&#8220;.vc_custom_1769259011631{margin-top: 0px !important;margin-bottom: 0px !important;border-top-width: 0px !important;border-bottom-width: 0px !important;padding-top: 0px !important;padding-bottom: 0px !important;}&#8220;][vc_column_text]<img loading="lazy" decoding="async" class="alignnone wp-image-3123 size-full" src="https://www.spacapan.si/wp-content/uploads/2019/04/Poroke-galerija-3.jpg" alt="" width="991" height="741" />[/vc_column_text][/vc_column][/vc_row][vc_row][vc_column width=&#8220;2/3&#8243; offset=&#8220;vc_hidden-sm vc_hidden-xs&#8220;][vc_column_text css=&#8220;.vc_custom_1769703431852{margin-bottom: 0px !important;border-bottom-width: 0px !important;padding-bottom: 0px !important;}&#8220;]<img loading="lazy" decoding="async" class="alignnone wp-image-5816 size-full" src="https://www.spacapan.si/wp-content/uploads/2024/04/klet.png" alt="" width="1000" height="609" />[/vc_column_text][/vc_column][vc_column width=&#8220;1/3&#8243; css=&#8220;.vc_custom_1769258722367{margin-top: 10px !important;margin-bottom: 10px !important;border-top-width: 0px !important;border-bottom-width: 0px !important;padding-top: 0px !important;padding-bottom: 0px !important;}&#8220;][vc_column_text css=&#8220;.vc_custom_1769258489039{margin-top: 0px !important;margin-bottom: 0px !important;border-top-width: 0px !important;border-bottom-width: 0px !important;padding-top: 0px !important;padding-bottom: 0px !important;}&#8220;]</p>
<h3>Private Feiern</h3>
<p>Jubiläen, Geburtstage und persönliche Zusammenkünfte, bei denen Atmosphäre und Qualität der Umsetzung wichtig sind.</p>
<p><strong>Die Kulinarik wird an die Veranstaltung angepasst</strong> – sie kann im Vordergrund stehen oder ein diskreter Begleiter des Abends sein, immer im Rhythmus des Beisammenseins.[/vc_column_text][/vc_column][/vc_row][vc_row][vc_column offset=&#8220;vc_hidden-lg vc_hidden-md&#8220;][vc_column_text css=&#8220;.vc_custom_1769703403242{margin-bottom: 0px !important;border-bottom-width: 0px !important;padding-bottom: 0px !important;}&#8220;]<img loading="lazy" decoding="async" class="alignnone wp-image-5816 size-full" src="https://www.spacapan.si/wp-content/uploads/2024/04/klet.png" alt="" width="1000" height="609" />[/vc_column_text][/vc_column][/vc_row][vc_row][vc_column css=&#8220;.vc_custom_1769703097958{margin-top: 0px !important;margin-bottom: 10px !important;border-top-width: 0px !important;border-bottom-width: 0px !important;padding-top: 0px !important;padding-bottom: 0px !important;}&#8220;][vc_column_text css=&#8220;.vc_custom_1769703498121{margin-top: 50px !important;margin-bottom: 50px !important;border-top-width: 0px !important;border-bottom-width: 0px !important;padding-top: 0px !important;padding-bottom: 0px !important;}&#8220;]</p>
<h3>Geschäftliche und protokollarische Veranstaltungen</h3>
<p>Kleinere geschäftliche Veranstaltungen für Gruppen, die Konzentration, Diskretion und einen klaren Ablauf schätzen.<br />
Geeignet für Mittag oder Abendessen mit einer begrenzten Anzahl an Gästen, bei denen Umgebung und Erlebnis ebenso wichtig sind wie der Inhalt des Treffens.[/vc_column_text][/vc_column][/vc_row][vc_row][vc_column width=&#8220;2/3&#8243; offset=&#8220;vc_hidden-sm vc_hidden-xs&#8220;][vc_column_text]<img loading="lazy" decoding="async" class="alignnone wp-image-1831 size-full" src="https://www.spacapan.si/wp-content/uploads/2017/12/2.jpg" alt="" width="1000" height="718" srcset="https://www.spacapan.si/de/wp-content/uploads/sites/3/2017/12/2.jpg 1000w, https://www.spacapan.si/de/wp-content/uploads/sites/3/2017/12/2-300x215.jpg 300w, https://www.spacapan.si/de/wp-content/uploads/sites/3/2017/12/2-768x551.jpg 768w" sizes="(max-width: 1000px) 100vw, 1000px" />[/vc_column_text][/vc_column][vc_column width=&#8220;1/3&#8243; css=&#8220;.vc_custom_1769703562053{margin-top: 0px !important;margin-bottom: 10px !important;border-top-width: 0px !important;border-bottom-width: 0px !important;padding-top: 0px !important;padding-bottom: 0px !important;}&#8220;][vc_column_text css=&#8220;.vc_custom_1769258510784{margin-top: 0px !important;margin-bottom: 0px !important;border-top-width: 0px !important;border-bottom-width: 0px !important;padding-top: 0px !important;padding-bottom: 0px !important;}&#8220;]</p>
<h3>Maßgeschneiderte Veranstaltungen</h3>
<p>Wenn eine Veranstaltung nicht in die üblichen Formen passt, gestalten wir sie individuell. Immer im Dialog, ohne vorgegebene Formate, unter Berücksichtigung des Raums, der Jahreszeit und des Anlasses.</p>
<p>Von Zeit zu Zeit bereiten wir nach vorheriger Absprache auch ein kulinarisches Erlebnis in einem Privathaus oder häuslichen Umfeld vor, wenn dies zum Konzept und zum Umfang der Veranstaltung passt.[/vc_column_text][/vc_column][/vc_row][vc_row][vc_column offset=&#8220;vc_hidden-lg vc_hidden-md&#8220;][vc_column_text]<img loading="lazy" decoding="async" class="alignnone wp-image-1831 size-full" src="https://www.spacapan.si/wp-content/uploads/2017/12/2.jpg" alt="" width="1000" height="718" srcset="https://www.spacapan.si/de/wp-content/uploads/sites/3/2017/12/2.jpg 1000w, https://www.spacapan.si/de/wp-content/uploads/sites/3/2017/12/2-300x215.jpg 300w, https://www.spacapan.si/de/wp-content/uploads/sites/3/2017/12/2-768x551.jpg 768w" sizes="(max-width: 1000px) 100vw, 1000px" />[/vc_column_text][/vc_column][/vc_row]</p>
