{"id":951,"date":"2017-01-16T21:56:03","date_gmt":"2017-01-16T20:56:03","guid":{"rendered":"https:\/\/www.spacapan.si\/de\/?page_id=951"},"modified":"2026-03-23T20:41:00","modified_gmt":"2026-03-23T19:41:00","slug":"weine","status":"publish","type":"page","link":"https:\/\/www.spacapan.si\/de\/miros-keller\/weine\/","title":{"rendered":"Weine"},"content":{"rendered":"<p>[vc_row][vc_column][vc_column_text]Im Jahr 1984 pflanzte Miro in der Terra Rossa aus den Karstdolinen seinen ersten Teran-Weinberg. Der Weinberg auf 250 Metern Seeh\u00f6he z\u00e4hlt heute 5000 Rebst\u00f6cke, deren Nordwestlage f\u00fcr genau die richtige Sonneneinstrahlung sorgt. Die Belastung der Reben ist gering, was einen besseren und hochwertigeren Wein bedeutet. Die Weinberge bearbeiten wir bis heute von Hand, und den Teran erzeugen wir auf traditionelle Weise.[\/vc_column_text][\/vc_column][\/vc_row][vc_row][vc_column width=&#8220;1\/3&#8243;][vc_column_text]Sohn Ago hat den traditionellen Teran seines Vaters um einige Kreationen aus Rebula, Vitovska Grganja, Malvasia und Cabernet Sauvignon erg\u00e4nzt. In sehr kleinen, boutiqueartigen Mengen experimentiert Ago auch mit Weinen aus sp\u00e4teren Lesen. So entstehen einzigartige Boutique-Kreationen, die oft selbst f\u00fcr die gr\u00f6\u00dften Kenner eine neue Erfahrung sind.[\/vc_column_text][\/vc_column][vc_column width=&#8220;2\/3&#8243;][vc_column_text]<img loading=\"lazy\" decoding=\"async\" class=\"alignnone wp-image-4643 size-full\" src=\"https:\/\/www.spacapan.si\/wp-content\/uploads\/2021\/11\/klet-1.jpg\" alt=\"\" width=\"1300\" height=\"867\" \/>[\/vc_column_text][\/vc_column][\/vc_row][vc_row][vc_column width=&#8220;2\/3&#8243;][vc_column_text]<img loading=\"lazy\" decoding=\"async\" class=\"alignnone wp-image-1241 size-large\" src=\"https:\/\/www.spacapan.si\/wp-content\/uploads\/2017\/01\/3-1-1024x768.jpg\" alt=\"\" width=\"640\" height=\"480\" srcset=\"https:\/\/www.spacapan.si\/de\/wp-content\/uploads\/sites\/3\/2017\/01\/3-1-1024x768.jpg 1024w, https:\/\/www.spacapan.si\/de\/wp-content\/uploads\/sites\/3\/2017\/01\/3-1-300x225.jpg 300w, https:\/\/www.spacapan.si\/de\/wp-content\/uploads\/sites\/3\/2017\/01\/3-1-768x576.jpg 768w\" sizes=\"(max-width: 640px) 100vw, 640px\" \/>[\/vc_column_text][\/vc_column][vc_column width=&#8220;1\/3&#8243;][vc_column_text]Dar\u00fcber hinaus k\u00f6nnen Sie im Keller auch einige nach unserer Auswahl beste slowenische Winzer probieren, unter denen biodynamische und sogenannte Orange Wines \u00fcberwiegen. Die meisten Weine sind lokal, aus der slowenischen und italienischen Karstregion, einige aber auch aus dem Vipava-Tal, Brda und der Steiermark. <a href=\"https:\/\/www.spacapan.si\/kategorija-izdelka\/vina\/hisna-vina\/\">Herzlich willkommen.<\/a>[\/vc_column_text][\/vc_column][\/vc_row]<\/p>\n","protected":false},"excerpt":{"rendered":"<p>&#8230;<\/p>\n","protected":false},"author":1,"featured_media":1413,"parent":945,"menu_order":0,"comment_status":"closed","ping_status":"closed","template":"","meta":{"footnotes":""},"_links":{"self":[{"href":"https:\/\/www.spacapan.si\/de\/wp-json\/wp\/v2\/pages\/951"}],"collection":[{"href":"https:\/\/www.spacapan.si\/de\/wp-json\/wp\/v2\/pages"}],"about":[{"href":"https:\/\/www.spacapan.si\/de\/wp-json\/wp\/v2\/types\/page"}],"author":[{"embeddable":true,"href":"https:\/\/www.spacapan.si\/de\/wp-json\/wp\/v2\/users\/1"}],"replies":[{"embeddable":true,"href":"https:\/\/www.spacapan.si\/de\/wp-json\/wp\/v2\/comments?post=951"}],"version-history":[{"count":21,"href":"https:\/\/www.spacapan.si\/de\/wp-json\/wp\/v2\/pages\/951\/revisions"}],"predecessor-version":[{"id":3346,"href":"https:\/\/www.spacapan.si\/de\/wp-json\/wp\/v2\/pages\/951\/revisions\/3346"}],"up":[{"embeddable":true,"href":"https:\/\/www.spacapan.si\/de\/wp-json\/wp\/v2\/pages\/945"}],"wp:featuredmedia":[{"embeddable":true,"href":"https:\/\/www.spacapan.si\/de\/wp-json\/wp\/v2\/media\/1413"}],"wp:attachment":[{"href":"https:\/\/www.spacapan.si\/de\/wp-json\/wp\/v2\/media?parent=951"}],"curies":[{"name":"wp","href":"https:\/\/api.w.org\/{rel}","templated":true}]}}

<p>[vc_row][vc_column][vc_column_text]Im Jahr 1984 pflanzte Miro in der Terra Rossa aus den Karstdolinen seinen ersten Teran-Weinberg. Der Weinberg auf 250 Metern Seehöhe zählt heute 5000 Rebstöcke, deren Nordwestlage für genau die richtige Sonneneinstrahlung sorgt. Die Belastung der Reben ist gering, was einen besseren und hochwertigeren Wein bedeutet. Die Weinberge bearbeiten wir bis heute von Hand, und den Teran erzeugen wir auf traditionelle Weise.[/vc_column_text][/vc_column][/vc_row][vc_row][vc_column width=&#8220;1/3&#8243;][vc_column_text]Sohn Ago hat den traditionellen Teran seines Vaters um einige Kreationen aus Rebula, Vitovska Grganja, Malvasia und Cabernet Sauvignon ergänzt. In sehr kleinen, boutiqueartigen Mengen experimentiert Ago auch mit Weinen aus späteren Lesen. So entstehen einzigartige Boutique-Kreationen, die oft selbst für die größten Kenner eine neue Erfahrung sind.[/vc_column_text][/vc_column][vc_column width=&#8220;2/3&#8243;][vc_column_text]<img loading="lazy" decoding="async" class="alignnone wp-image-4643 size-full" src="https://www.spacapan.si/wp-content/uploads/2021/11/klet-1.jpg" alt="" width="1300" height="867" />[/vc_column_text][/vc_column][/vc_row][vc_row][vc_column width=&#8220;2/3&#8243;][vc_column_text]<img loading="lazy" decoding="async" class="alignnone wp-image-1241 size-large" src="https://www.spacapan.si/wp-content/uploads/2017/01/3-1-1024x768.jpg" alt="" width="640" height="480" srcset="https://www.spacapan.si/de/wp-content/uploads/sites/3/2017/01/3-1-1024x768.jpg 1024w, https://www.spacapan.si/de/wp-content/uploads/sites/3/2017/01/3-1-300x225.jpg 300w, https://www.spacapan.si/de/wp-content/uploads/sites/3/2017/01/3-1-768x576.jpg 768w" sizes="(max-width: 640px) 100vw, 640px" />[/vc_column_text][/vc_column][vc_column width=&#8220;1/3&#8243;][vc_column_text]Darüber hinaus können Sie im Keller auch einige nach unserer Auswahl beste slowenische Winzer probieren, unter denen biodynamische und sogenannte Orange Wines überwiegen. Die meisten Weine sind lokal, aus der slowenischen und italienischen Karstregion, einige aber auch aus dem Vipava-Tal, Brda und der Steiermark. <a href="https://www.spacapan.si/kategorija-izdelka/vina/hisna-vina/">Herzlich willkommen.</a>[/vc_column_text][/vc_column][/vc_row]</p>
